 2. Give h(k).
6
Suppose -5*t + 30 = -0*t. Let c(h) = 2*h + 3*h - t*h. What is c(0)?
0
Let b(s) be the third derivative of s**6/120 + s**5/60 + s**3/3 + s**2. Suppose -2*a = 0, 0 = 3*z - z + a + 4. Determine b(z).
-2
Let g(f) = 8*f**2 + 0 + 6 - 5*f - 7*f**2. What is g(4)?
2
Let f(m) = -m**3 - m - 2. Let q be f(-2). Suppose -3*v - 30 = -q*v. Let o(s) = s**2 - 4*s - 8. Determine o(v).
4
Let h(c) = -c**2 + 8*c - 5. Let p(x) = x**3 - 5*x**2 + x. Let a be p(5). Let m(j) = -j**2 + 9*j - 5. Let z(t) = a*h(t) - 4*m(t). Determine z(4).
-5
Let x(c) = -2*c - 13. Let f be x(-8). Let k(y) be the second derivative of -y**3/6 + y**2/2 - y. Calculate k(f).
-2
Let o(m) = 9*m - 4. Let s(a) = a**2 + a + 1. Let v(t) = -o(t) + s(t). Let g be v(8). Let c(h) = h**3 - 6*h**2 + 5*h - 1. What is c(g)?
-1
Let u = 4 + 1. Let t(k) = 1. Let d(b) = -b**2 + 4*b - 10. Let l(j) = d(j) + 5*t(j). Calculate l(u).
-10
Suppose n + 0 - 5 = 0. Suppose 12 = 4*i + 4. Let c(o) = o + 5 - i - n. What is c(-2)?
-4
Let b(s) be the first derivative of s**3 - 3*s**2/2 + 2*s - 10. Calculate b(2).
8
Let m = -4 + 6. Let f(c) = 4*c**3 - 7 - 4*c**3 + c**3 - 6*c**m. Give f(6).
-7
Let o be 0/(-2)*(-4)/8. Suppose -4*y + 0*y - 20 = o. Let v(r) = r**3 + 6*r**2 + 4*r + 2. Calculate v(y).
7
Let c(b) = b**3 + 5*b**2 + 5*b - 3. Let u = 20 + -18. Let k be (-2)/(3/(12/u)). Determine c(k).
-7
Let i(n) be the second derivative of n**4/12 - 7*n**3/6 + 3*n**2/2 + 4*n. Give i(5).
-7
Let m(g) = 7*g**2 + 12*g + 8. Suppose 2 = -2*q - 10. Let a(k) = -4*k**2 - 6*k - 4. Let n(j) = q*m(j) - 11*a(j). What is n(5)?
16
Let v(h) = 5*h - 2. Let t be 12/(-27)*(-36)/8. Calculate v(t).
8
Let t(u) = -3 + 149*u - u**2 - 294*u + 144*u. Let h = 0 + 0. Give t(h).
-3
Let v = 6 - 1. Suppose -t - 4*c + 2 = -2*c, -10 = -v*c. Let r(u) = u**3 - u**2 - u. Give r(t).
-10
Let q be ((-9)/15)/((-2)/10). Suppose 1 = -q*f + 7. Let g(a) = -a. What is g(f)?
-2
Let n(x) = -x + 1. Let b be n(-4). Let f(o) = o**2 - 3*o - 6. Calculate f(b).
4
Let d = -114 - -108. Let y(x) = -x**3 - 6*x**2 - 6*x - 9. Determine y(d).
27
Let s be (-3)/(-1) - (-4 - (-2 + -1)). Let k(z) = z**3 - 4*z**2 - 2*z - 3. What is k(s)?
-11
Let h(c) = -c - 1. Let d be h(-1). Let w(u) = 3*u**2 + u + 10. Let g(k) = k**2 + 1. Let p(b) = -4*g(b) + w(b). Give p(d).
6
Let n(c) be the first derivative of -c**3/3 - c**2/2 - 7*c - 16. Give n(0).
-7
Let m = 4 - -2. Let o(t) = t - 1. What is o(m)?
5
Let p(b) = 7*b**2 - 6*b - 18 + 9 + 8. Suppose -2*x - 7*m + 3*m = 8, -x + 16 = -2*m. Let u(f) = 6*f**2 - 6*f. Let c(n) = x*u(n) - 5*p(n). Give c(6).
5
Suppose 0 = -3*c - 1 + 10. Let y(k) = -2*k + 0*k + c*k. What is y(6)?
6
Suppose l = -5*u + 57, -3*u + 51 = -3*l + 6. Suppose 4 = -a + 7. Suppose -a*o - 6 = 3*s, 0 = -3*o + 6*o - u. Let i(f) = -f**2 - 5*f. What is i(s)?
-6
Suppose 3*n = 5*w + 25, 3*n - 2 - 7 = -3*w. Let j = 4 + w. Let s(q) = -j + 3*q + 0 - 4*q. Calculate s(5).
-7
Suppose 9*z - 11*z + 4 = 0. Suppose 3*s + 1 = 3*h - s, z*h + 2*s = 10. Let c(l) = -l**3 + l**2 + 5*l - 2. What is c(h)?
-5
Let i(g) = -g + 5. Let j be i(7). Suppose -4*h = 5*o - 27, -5*o - h - h + 21 = 0. Let z(r) = 4 - 3 + r**3 - 2*r**o + 3*r. Determine z(j).
3
Suppose 4*g - 6 = 10. Let y(a) = -a + 6. Give y(g).
2
Suppose 10 = 2*d - 0. Let j(k) = -2*k - k - k**2 + 0*k**2 + 8*k + d. What is j(6)?
-1
Let a(p) be the third derivative of p**5/60 - p**4/24 - p**3/3 + 7*p**2. Suppose -5*s = -25, 3*b - 4*s = -2*b - 30. Calculate a(b).
4
Let v(u) = 7*u**2 + 14*u + 11. Let f(s) = -10*s**2 - 21*s - 17. Let r(j) = -5*f(j) - 7*v(j). Determine r(-6).
2
Let g(f) be the third derivative of -f**6/720 - f**5/40 - f**4/8 + 3*f**2. Let q(h) be the second derivative of g(h). Calculate q(0).
-3
Let c(v) = 9*v**3 - 7*v**2 - 13*v - 5. Let a(n) = -5*n**3 + 4*n**2 + 7*n + 3. Let j(b) = -7*a(b) - 4*c(b). Give j(2).
-3
Suppose -4*c - 1 = -3*c. Let g be 0 - c - (0 + -4). Let v(q) be the third derivative of q**6/120 - q**5/15 - q**4/6 + q**3/6 - q**2. What is v(g)?
6
Let n be (-4 - -2) + 1 + 3. Let o(c) = 2*c**2 - 2. Give o(n).
6
Let b(f) = f**2 - 3*f + 9. Let u(t) = -t**2 + 4*t - 8. Let a(m) = -3*b(m) - 2*u(m). Calculate a(0).
-11
Let w(i) = 2*i - 4. Suppose 5*q + 341 = 316. Give w(q).
-14
Let l(m) = m**3 - 5*m**2 - 2. Let o(p) = -3*p - 10. Let n be o(-5). Determine l(n).
-2
Let y(d) = -11 + 3*d - 13*d**2 + 2*d**3 + d**3 + d**3. Let c(k) = -2*k**3 + 6*k**2 - 2*k + 5. Let r(x) = 5*c(x) + 2*y(x). Let q = 11 + -9. Calculate r(q).
-5
Let t(u) = u**3 - 4*u**2 + u. Let a be t(3). Let i be ((-4)/a)/((-2)/(-6)). Let f(z) = -5*z - z**2 - z - 1 - i. What is f(-5)?
2
Let l(d) = 3*d - 1. Suppose -4*b - 2*i + 12 + 10 = 0, -3*i + 24 = 3*b. Suppose -m + p + 5 = m, -b*m + 5*p - 10 = 0. Let c = m + -6. Calculate l(c).
-4
Suppose -3*x + 4 = 5*z - 12, z = -3*x - 4. Let o(g) be the first derivative of -g**3/3 + 5*g**2/2 - 6*g - 15. What is o(z)?
-6
Let p(y) be the third derivative of y**6/120 - y**5/12 - 5*y**4/24 + y**3/3 + 10*y**2. What is p(6)?
8
Let d(y) be the first derivative of -7/2*y**2 - 1/4*y**4 - 8 + 2*y**3 + 3*y. Determine d(5).
-7
Suppose -3*t - 3*j - 24 = 0, 5*t + 5*j = j - 43. Let x = t - -15. Let u(h) = -h + 2 + 0 + 2*h. What is u(x)?
6
Let k(u) = u**2 + 4*u + 2. Suppose 0 = -2*h + 5*c + 14, -4*c = 3*h - 5 + 30. Give k(h).
-1
Let c(b) = -b**2 - 34*b**3 - 6*b**2 + 2*b**2 - 2*b + 33*b**3. Give c(-4).
-8
Let z(o) = -o - 3. Let u be z(-6). Let p(a) = -2*a + 3*a + a**2 + a**u + 1 - 2*a**2. Let w(s) = -3*s**3 - s**2 - 3*s - 10. Let f(q) = -4*p(q) - w(q). Give f(5).
1
Let i(s) be the second derivative of -1/2*s**3 + 6*s + 0 - s**2. Give i(-3).
7
Let p(b) be the second derivative of 0*b**4 + 1/6*b**3 - b**2 + 0 + 3*b - 1/20*b**5. Suppose 0*u - u - 4*k + 2 = 0, 4*k + 6 = -5*u. Determine p(u).
4
Let d(z) = -z - 1. Let g be d(-6). Let m(n) = 3*n**2 + 3*n - 1 - 2*n**2 - g*n. Suppose -6*h = -11 - 7. Calculate m(h).
2
Suppose -3*b + 2*g - 4 = 0, -5*g + 5 + 5 = 3*b. Let k(o) be the second derivative of o**2 + 1/6*o**3 + 1/6*o**4 + b - 2*o - 1/20*o**5. Calculate k(3).
-4
Let n(b) be the first derivative of b**3 + 2*b + 1/4*b**4 - b**2 + 1. Suppose -4*u - 9 = -r, -r - u = -2*u. Give n(r).
8
Let l(r) be the third derivative of 3*r**2 + 0 - 1/2*r**3 + 1/360*r**6 + 0*r**4 + 0*r**5 + 0*r. Let k(z) be the first derivative of l(z). Give k(1).
1
Let r = -8 + 9. Let u(l) = -8*l. What is u(r)?
-8
Let w(r) be the third derivative of r**5/60 - r**4/24 + r**3/2 - 16*r**2. Calculate w(0).
3
Let d be (-16)/(-1) + (1 - 3). Suppose 3*x - 5*z + d = -x, x = -5*z + 9. Let y(n) = -3*n**2 + 1. Give y(x).
-2
Let k(g) = -g**2 + 3*g + 1. Suppose 15 = 15*w - 10*w. Calculate k(w).
1
Let f(r) = -r + 6. Let g be f(-5). Let m = g - 15. Let i(w) = -5*w**2 + 10*w + 5. Let c(z) = z**2 - z. Let k(y) = -6*c(y) - i(y). Give k(m).
-5
Suppose 3*n + 0*n + k + 20 = 0, -5*n + 3*k = 24. Let g(m) = m - 1. Calculate g(n).
-7
Let c = 2 + 2. Suppose 14 = -c*g + 10. Let n(t) = 14*t + 3*t - 5*t. Give n(g).
-12
Let u be -8 - (-1)/(2/6). Let p(x) = x**3 + 4*x**2 - 3*x + 3. What is p(u)?
-7
Let a(s) = 2 + 0 - s + 0*s + s**3 + 3 - 10*s**2. Let b be a(10). Let o(k) = -k**3 - 6*k**2 - 5*k + 2. Calculate o(b).
2
Suppose 5*v + 15 = -15. Let d(m) = m + 6. What is d(v)?
0
Let v(n) = -n - 1 + 5 - 3 + 5. What is v(0)?
6
Let z(r) be the second derivative of r**5/120 - r**4/12 + r**3/2 - 2*r. Let p(o) be the second derivative of z(o). Calculate p(-5).
-7
Let d(i) = 2*i**3 - 3*i**2 + i - 3. Suppose 4*h - 4*n = 0, 4*n + 6 = 3*h + 3*n. Calculate d(h).
27
Let k(z) = -z**2 + 9*z - 5. Let u be k(8). Let l(v) be the first derivative of 3*v**2/2 - 4*v - 5. Give l(u).
5
Let c = -31 - -34. Let j(t) = t - 1. Determine j(c).
2
Let o = -10 + 15. Let b(x) = 8*x**2 - 4*x**3 - 3 + o*x**3 - 1 - 4*x**2. What is b(-4)?
-4
Let c(q) = 7 - 2*q - 3*q + 4*q. Let w(b) = -13*b**3 - b**2 + 3*b. Let h(n) = -3*n**3 + n. Let g(r) = 9*h(r) - 2*w(r). Let d be g(3). Give c(d).
7
Let p(k) = -3*k**2 + 2*k**2 + 0 + 0 - 4. Let h(m) be the third derivative of m**5/60 + m**4/8 + m**3/3 - 2*m**2. Let d be h(-2). Determine p(d).
-4
Let j(i) = -i**2 - 8*i - 8. Let h be (8/4 + -1)/((-4)/24). Give j(h).
4
Let v(o) = o**2 - 3*o - 4. Let x(d) = -3*d + d**3 + 1 + 5*d**2 - 2*d + 1. Let u be x(-6). Let w be (-3)/6*u - -1. Calculate v(w).
-4
Let i(v) = v**2 + 5*v + 1. Let h(a) 